 Let l(t) = 3*t + 7. Let y be l(-5). What are the prime factors of d(y)?
3, 13
Suppose 0 = 16*r - 13*r - 3, j = -4*r + 4990. List the prime factors of j.
2, 3, 277
Suppose -2*p = 4*p - 24. Let v(q) = -q**2 + 7*q - 8. Let x be v(p). Suppose -3*r + 246 - 44 = -x*g, -r - 3*g = -63. What are the prime factors of r?
2, 3, 11
Let b be ((-15)/10)/((-3)/(-4)) - -65. Suppose 543 = 6*o - b. What are the prime factors of o?
101
Suppose -703 = -2*d + 3*f - 37, -680 = -2*d - 4*f. List the prime factors of d.
2, 3, 7
Let h(c) be the second derivative of c**3/6 - 7*c**2/2 - 7*c. Let y be h(9). Suppose -44 - y = -z. List the prime factors of z.
2, 23
Let u(j) = 2*j + 8*j + j**2 - 3*j - 6*j. Let g(z) = 7*z**2 + 4*z. Let i(t) = g(t) - 6*u(t). List the prime factors of i(-2).
2
Suppose 21*z = 7*z + 28. Suppose -328 = -z*n - 2*n - 2*s, 5*s = -5*n + 405. What are the prime factors of n?
83
Let s = 899 + -407. List the prime factors of s.
2, 3, 41
Let z(u) = -11*u + 49. Let f(p) = -6*p + 24. Let l(q) = 9*f(q) - 4*z(q). What are the prime factors of l(-5)?
2, 5, 7
Let d(b) = 2*b - 1. Let n be d(5). Let q = 18 - n. What are the prime factors of q?
3
Let g(l) = l**2 - 3*l + 105. Let r be g(0). Suppose 2*q + 420 = 4*x, 5*x - 4*q = 6*x - r. List the prime factors of x.
3, 5, 7
Suppose 8 = y + 3. Suppose 0 = -y*m - 0*m + 70. Suppose m*l - 345 = 9*l. What are the prime factors of l?
3, 23
Let h be 1/(2/6)*2. Suppose -63 = -13*q + 4*q. What are the prime factors of q - h - (-14 - -1)?
2, 7
Let i = -485 + 1489. What are the prime factors of i?
2, 251
Suppose 5*j + 4 = 7*j. Let g(k) = -k**j + 10 - 14*k + 5 + 4. List the prime factors of g(-14).
19
Let a = 4 + -1. Suppose -31 = -2*w - a. Suppose -11 = -2*b + 3*y, 4*b - 14 = 4*y + w. What are the prime factors of b?
2, 5
Suppose 2*k - 4*p = 5*k - 6436, -5*p = 10. List the prime factors of k.
2, 3, 179
Let o = 26 + -23. Let t be 12*4 + o/3. Let g = t + -22. What are the prime factors of g?
3
Let a(u) = -13*u**3 + 3*u**2 - 6*u + 3. Let p(n) = -6*n**3 + n**2 - 3*n + 1. Let c(v) = -2*a(v) + 5*p(v). List the prime factors of c(-3).
107
Let f(b) = -22*b - 50. Let n be f(-9). Suppose 0 = 33*i - 35*i + n. List the prime factors of i.
2, 37
Suppose -15*q - 328 = -23*q. Let n(p) = -3*p**3 + p**2 + 1. Let u be n(2). Let b = u + q. What are the prime factors of b?
2, 11
Suppose 3*l + l = 4. What are the prime factors of 848/10 + l + (-68)/85?
5, 17
Let n(c) = 12*c**2 - 1. Let o be n(1). Let q = 12 + o. What are the prime factors of q?
23
Let j = -36 - -38. Suppose 0 = 2*a + j*x - 132, -3 = -x + 2*x. What are the prime factors of a?
3, 23
Let f = 252 - 123. Suppose -3*n + 3*l + 32 = -58, f = 5*n + 2*l. What are the prime factors of n?
3
Suppose 3*n + 3*l + 24 = 1848, -3*l + 602 = n. What are the prime factors of n?
13, 47
Suppose -d + 5*x - 13 = -3*d, x = -d + 5. Suppose 0 = -d*t + 12, -j = 4*j + 2*t - 141. List the prime factors of j.
3
Let d(w) = 2*w**2 - 16*w + 12. Let b be d(14). Let m = b + -121. List the prime factors of m.
59
Let x be 1675/10 + 2/(-4). Let z = 285 - x. Suppose 4*d - v - 128 = 3*v, v = -4*d + z. What are the prime factors of d?
2, 3, 5
Let l(x) = 2*x**3 + 3*x**2 - 2*x. Let c be 10/25 + 13/5. Let k be l(c). Suppose -30 = -5*m + k. List the prime factors of m.
3, 7
Let g be 9/(-2)*(-13 - -11). Suppose -p = 2*p - g. Let v(w) = 3*w**2 + 2*w. List the prime factors of v(p).
3, 11
Let w(c) = -c**2 - 28*c + 2. Let m(d) = d**2 - 9*d - 9. Let z be m(7). What are the prime factors of w(z)?
3, 13
Suppose n + 1592 = h - 2*n, 3*h - 5*n = 4792. List the prime factors of h.
2, 401
Let u be (36/(-21))/((-2)/7). Suppose u*y = 7*y - 19. List the prime factors of y.
19
Let d be ((-6)/15)/((-2)/20). Suppose 3*z - 6*z + d*q + 133 = 0, -4*q = 4. What are the prime factors of z?
43
Let o = 15 + -8. Let n be (o - -1 - 3)*1. Suppose 0 = r + l - 20, -2*r - n*l = -10*l - 12. List the prime factors of r.
2
Let l = 13 - 5. Let z = l + -3. Suppose 7*i = z*i + 56. What are the prime factors of i?
2, 7
Suppose -4*t - t = -10. Suppose t*k = -k + 282. What are the prime factors of k?
2, 47
Let k(m) = -3 + 4*m**3 - 7 - m**3 - 3*m**2 + 3 + 4*m. Let w(n) = n**3 + n**2 - n. Let v(h) = k(h) - 2*w(h). List the prime factors of v(5).
23
Let f = -67 + 60. Let b(q) = -7*q - 21. What are the prime factors of b(f)?
2, 7
Suppose 2096 + 2517 = 7*h. What are the prime factors of h?
659
List the prime factors of -8*(3269/(-28) + -5).
2, 487
Suppose q - 3*x = 4883, -12*x + 4898 = q - 10*x. List the prime factors of q.
2, 1223
Suppose -3*o - 18 = 3*p, -20 = 5*p - 5*o - 0. Let c(m) = 3*m + 26. What are the prime factors of c(p)?
11
Let t(y) = -9*y**3 + y**2 - 5*y - 7. Let g(d) = -d**3 - d. Let w be g(1). List the prime factors of t(w).
79
Let p(l) = 24*l - 5. Let i(z) be the second derivative of -z**3/6 + z**2/2 + 4*z. Let s(a) = -5*i(a) - p(a). List the prime factors of s(-1).
19
List the prime factors of (-72)/(-90)*5930 + 1 + 0.
5, 13, 73
Suppose v = 5*n + 22, 5*v - 2*n - 18 + 0 = 0. Suppose -2*k - 4*q - 6 = 0, -v*k - k - 3*q + 6 = 0. What are the prime factors of k?
7
Let b(u) = 3*u**3 - 4*u**2 + u + 2. Let s be b(2). Let h(n) be the second derivative of n**3/6 - 3*n**2 - n - 19. What are the prime factors of h(s)?
2, 3
Let c(g) = -218*g**3 - 3*g**2 - 3*g - 5. What are the prime factors of c(-2)?
1733
Suppose -4*t + 18*t - 11158 = 0. What are the prime factors of t?
797
Suppose 0 = 2*c + 3*h - 761, 5*c + 163*h - 161*h = 1875. List the prime factors of c.
373
Suppose 3 = 2*k - 3, -5*k = -3*m. Suppose r = m + 20. Suppose 4*b - 93 = -r. What are the prime factors of b?
17
Let o be ((-16)/10)/(6/(-15)). Suppose 25 = o*j - 15. Let i(z) = z - 4. List the prime factors of i(j).
2, 3
Suppose 5*l - 10 = -5*r, 2*l - 4*r + 3 = r. Let u(a) = 11*a**2 - a + 1. What are the prime factors of u(l)?
11
Suppose -5*m - 2201 + 8276 = 0. What are the prime factors of m?
3, 5
Suppose 10*a = 1323 + 377. What are the prime factors of a?
2, 5, 17
Suppose -20 = -8*w + 4*w. Suppose 2*f - 8 = -5*h - f, 2*h - 16 = 2*f. Suppose 0*k - 3*g = 5*k - 119, -w*k - h*g = -117. List the prime factors of k.
5
Let k(c) = 3*c - 28. Let l(i) = 2*i - 9. Let t(r) = 2*k(r) - 7*l(r). Suppose -o + 3 = 7. What are the prime factors of t(o)?
3, 13
Let f(z) = 262*z - 3. Let n be f(1). Suppose -59 = -3*l + n. List the prime factors of l.
2, 53
Suppose -u - 5 = 4*z - 30, -u + 15 = 2*z. Suppose 0*d = -j - z*d - 59, -2*j + 2*d = 70. Let n = -20 - j. List the prime factors of n.
19
Let u(l) = l**2 - 8*l + 1. Let h be u(6). Let j = h - -13. Suppose j*n - 26 = 18. What are the prime factors of n?
2, 11
What are the prime factors of (2/3)/(6 - (-129696)/(-21618))?
1201
Let c = -2311 + 3536. List the prime factors of c.
5, 7
Suppose 5*c = b + 6953, -3*c + 1107 = 2*b - 3070. List the prime factors of c.
13, 107
Let v(j) = 75*j + 176. What are the prime factors of v(14)?
2, 613
Let n = 10 + -12. Let d be (14/(-1))/n - 3. Suppose -d*s + 5*s = 14. List the prime factors of s.
2, 7
Suppose 5*x + 0 - 10 = 2*h, 5*x + 5 = 5*h. Suppose s - 3*l + 0*l - 18 = 0, x*s = l + 50. Suppose -f = 2 - s. What are the prime factors of f?
2, 5
Let q be -13 - (34/(-6) - (-6)/9). Let v be 33/(-2) + 3/6. Let w = q - v. What are the prime factors of w?
2
Let j = 866 + -596. What are the prime factors of j?
2, 3, 5
Suppose -3898 - 3622 = -10*r. What are the prime factors of r?
2, 47
Suppose 13 = -4*p - 5*s, -2*p = -3*s - s - 26. Let i be 6/p + (4 - 1). Suppose 4*d = i*y + 2*d - 170, 0 = -y - 2*d + 22. List the prime factors of y.
2
Let t be 30*1*8/10. Let p be (2 - t/2)/(-2). Suppose 3*g = p*c - 100, -g - 3*g = 20. List the prime factors of c.
17
Suppose 3*n = -0*n + 144. Suppose -3*m + n = -m. Suppose 2*h + 4*f + m = 62, -5*f - 35 = -5*h. List the prime factors of h.
11
Let a be -346*((-20)/8 + 3). Let h = -112 - a. What are the prime factors of h?
61
Suppose -3 = 2*n + 3*f, -n + 2*n - 2*f = 2. Suppose o = r, -o + n*r = 2*r + 3. What are the prime factors of 1/((-34)/35 - o)?
5, 7
Suppose 3*a = 50 - 302. Let q be (-7)/(a/8)*21. List the prime factors of ((-7)/q)/(1/(-46)).
23
Let s = -38 + 35. Let v(m) = -22*m - 25. What are the prime factors of v(s)?
41
Suppose 5*n - 167 = -2*y, -3*n + 30*y = 31*y - 101. What are the prime factors of n?
5, 7
Le